 -3*j = -5*m + 16518. Calculate the remainder when m is divided by 57.
54
Let k = -48 - -120. Suppose 373 = 13*i + 61. Let z = 49 - i. Calculate the remainder when k is divided by z.
22
Let z be 466/(-29) - ((-6)/87 + 0). Let p(g) = 3*g - 19. Let w(u) = u - 1. Let b(c) = -p(c) + 2*w(c). What is the remainder when b(z) is divided by 9?
6
Suppose 0 = -21*g - 9*g + 300. Suppose 197 = g*m + 7. Calculate the remainder when 53 is divided by m.
15
Let t(g) = -17*g + 56. Let y be t(3). Suppose 2*n - 3*j - 69 = 0, -y*j = 3*n - j - 95. Calculate the remainder when n is divided by 1.
0
Let a(i) = -77*i + 7171. Calculate the remainder when a(67) is divided by 9.
5
Let z(t) = -40*t + 1. Let x be z(1). What is the remainder when (2/(-6))/(1/x) is divided by 0/(10 + 4) - 1*(-14)/2?
6
Suppose -20*g + 23*g - 90 = 0. Suppose -19*q - 55 = -g*q. Suppose -s + 4 = -4*o + 34, 5*o - s = 38. Calculate the remainder when o is divided by q.
3
Suppose 27530 = 26*g - 317230. What is the remainder when g is divided by 89?
88
Let p(n) = -24 + 0*n + 11 - 4*n + 5*n. Let k be p(5). Calculate the remainder when (-3 + (-78)/(-8))/((-2)/k) is divided by 12.
3
Let a(m) = 3*m**2 + 94*m + 138. Calculate the remainder when a(-32) is divided by 6.
4
Let z(m) = -m**3 + 34*m**2 + 35*m. Let u be z(35). Suppose -5*g + 34 + 1 = u. Calculate the remainder when 16 is divided by g.
2
Suppose 2*r - 5*d - 94 = 0, -r + 40 = -2*d + 3*d. Suppose r = 11*o - 321. Calculate the remainder when 96 is divided by o.
30
Let d(i) = 318*i - 2373. What is the remainder when 1196 is divided by d(8)?
170
Let d be 34 + (-4 - 3 - -1). Suppose -175 = -d*q + 3*q. Let c(y) = -y**3 + 3*y**2 + 4*y + 4. Calculate the remainder when q is divided by c(4).
3
Suppose 6*c - 162 - 144 = 0. Calculate the remainder when -9 - -12 - (-91 - -1) is divided by c.
42
Suppose 3*u - 2*k = 111, 20*u + 5*k = 16*u + 171. What is the remainder when u is divided by 14?
11
Suppose -138*c + 38243 = -199807. Calculate the remainder when c is divided by 12.
9
Let t(x) = -10 + 1 + 3*x + 5 + 3*x**2 - x. Suppose 3*s + 3 = -2*n - n, 0 = -n - 5. What is the remainder when t(s) is divided by 19?
14
Suppose -5*w - 328 = -3*s, 2*s - 8*w + 6*w - 216 = 0. What is the remainder when s is divided by 25?
6
Suppose 19*g - 91*g = 60*g - 20988. Calculate the remainder when g is divided by 82.
77
Let d = 680 + -639. Suppose l - 1 = 16. Calculate the remainder when d is divided by l.
7
Let w = -123 + 125. Suppose 303 = 5*n - 4*x, -4*x = -w*n + 19 + 95. What is the remainder when n is divided by 4?
3
Let h = -7124 + 7179. Let g = -54 - -82. Calculate the remainder when h is divided by g.
27
Let p = -108 + 166. Suppose 3*v = 4*k + 82, 2*v = 2*k - k + p. Calculate the remainder when v is divided by 21.
9
Let z(x) = -5*x**3 + 401*x**2 + 332*x - 163. Calculate the remainder when z(81) is divided by 40.
5
Let h(f) = 27*f - 870. Calculate the remainder when h(57) is divided by 220.
9
Let o(u) = 5*u + 55. Let l(k) = 4*k + 58. Let y(d) = 3*l(d) - 4*o(d). What is the remainder when 42 is divided by y(-10)?
8
Let s(r) = -9*r + 24. Let h be s(0). Let o = 140 + -22. What is the remainder when o is divided by (25/10)/(-2 - (-50)/h)?
28
Let w(n) = -301*n - 4476. What is the remainder when 353 is divided by w(-15)?
2
Suppose -2*x - 47 - 22 = -r, -3*r - x = -207. Let l = -51 + r. Calculate the remainder when 120 is divided by l.
12
Suppose 0 = -26*v - 48*v + 2220. Calculate the remainder when 488 is divided by v.
8
Suppose 3*u = -0*z - 5*z, -z = u. Suppose 2*w - 136 - 122 = u. Let r(i) = 3*i + 54. What is the remainder when w is divided by r(-7)?
30
Let m = 900 - 471. What is the remainder when m is divided by (16 + (-25 - -6))/((-2)/18)?
24
Suppose -38*y = -204 - 100. Suppose 157 = y*g - 43. Calculate the remainder when 218 is divided by g.
18
Let g(o) = -52*o**3 + o**2 - 11*o + 16. Calculate the remainder when g(-6) is divided by 88.
86
Suppose u + m + 6 = 0, 5*u + 31 = -2*m + 1. Let c(d) be the third derivative of -7*d**4/24 + 6*d**2 - 1. Calculate the remainder when c(u) is divided by 11.
9
Let k be (15/(-10))/(1/2). Let p be (-3)/(k*(-5)/(-10)). What is the remainder when 23 is divided by p/5 - (-28)/5?
5
Suppose 100*s = 98*s + 18. Suppose -210 = s*x - 3*x. What is the remainder when 102 is divided by (-7)/x + (-4)/(-5) + 25?
24
Let y(m) = 13*m**3 - 4*m**2 - 17*m**3 + 5*m - m - 2 + 5*m**3. Let p be y(4). Suppose -p = -5*u + 3*u. What is the remainder when 10 is divided by u?
3
Let w(k) = 10*k**3 - 11*k**2 - 11*k + 65. Calculate the remainder when w(10) is divided by 41.
40
Let s be (3 - 0)*(-150)/(-9). Let q = -15 + s. Suppose -171*d + 2808 = -144*d. Calculate the remainder when d is divided by q.
34
Calculate the remainder when (2 - 5/(30/507))*160/(-3) is divided by 9.
8
Let y be (25/(-50))/((-1)/(-2)). Let n be 7 + y + 3 + 2. Let t(f) = -f**2 + 19*f - 33. What is the remainder when t(n) is divided by 31?
24
Suppose -4*a + 0*a - 24 = 0. Let o = a - -11. Let j = -5866 - -5883. What is the remainder when j is divided by o?
2
Let o(m) = -125*m**3 + 51*m**2 - 1. Calculate the remainder when o(-1) is divided by 104.
71
What is the remainder when 351 is divided by 2/14*(-112)/(-32)*(-602)/(-7)?
7
Let l(f) = -2*f**2 - 4*f + 2. Let d be l(0). Suppose d*w - 4*k - 34 = 0, 0*w - 9 = -2*w - k. Calculate the remainder when 40 is divided by w.
5
Let c = 22 + -9. Suppose 82*w = 8390 + 26706. What is the remainder when w is divided by c?
12
Let v(h) = -11*h**2 - 45*h + 14. Calculate the remainder when 214 is divided by v(-4).
16
Suppose m + 10 = v + 2*v, 4*v = m + 14. Suppose -2*w + 5*w - 207 = 0. Suppose w = 5*k + 3*f - 45, f = -m. Calculate the remainder when 44 is divided by k.
20
Let p(c) = c**3 + 5*c**2 - 4*c - 5. Let n = -75041 - -75114. Calculate the remainder when n is divided by p(-4).
19
Let m = 447876 - 447456. Suppose -3*k + k + 192 = 4*j, -5*j + 237 = k. Calculate the remainder when m is divided by j.
44
What is the remainder when 58/(((-660)/(-195))/22 - 0/(-2)) is divided by (-3*65)/(-3) + -1?
57
Let g be 122 - (-8)/(-40)*10. Calculate the remainder when 52 is divided by g/10*(-4)/(-6).
4
Suppose -5*t = -4*t - 3*y - 161, -3*t = -y - 523. Suppose -73*o + 2510 = -994. What is the remainder when t is divided by o?
32
Let u be (-3736)/(-10) + ((-4)/(-5))/2. Suppose 4*p - 5*v + 233 = -138, -4*p = -2*v + u. What is the remainder when 100 is divided by (-2 - p/(-4))*6/(-9)?
15
What is the remainder when ((-16)/1)/(2012/(-1687062)) is divided by 189?
186
Let b(a) = 15*a**2 + 260*a - 175. Calculate the remainder when b(-19) is divided by 23.
1
Let p(b) = 4 + 19 - 19*b + 74. Calculate the remainder when 34 is divided by p(5).
0
Let z be ((-14)/(-8))/(3/12). Suppose -5*a - 76 = -z*a. What is the remainder when a is divided by (25 - 35)/((-5)/11)?
16
Let m = 158 - 146. Let f be 10*11*(-1)/(-1). Suppose 5*b = -5*n + b + 170, 2*b = 4*n - f. What is the remainder when n is divided by m?
6
Suppose -4*y - k - 5 = 0, -3*y = -4*k + 8*k + 7. What is the remainder when 31 is divided by y - (2 - (0 + 19))?
15
Let j be 16/10*(-13 - -43). Suppose 0 = -3*z + j. Calculate the remainder when 46 is divided by z.
14
Let i = 53 - 42. Let t be (i - 15) + 23*-1. Calculate the remainder when 45 is divided by 0/5 - (3 + t).
21
Calculate the remainder when (1752/(-22))/((-1098)/8052) is divided by 255.
74
Suppose -439 - 1139 = -5*w + 2*w. Calculate the remainder when w is divided by 22.
20
Suppose -9*o - 18 + 864 = 0. Suppose 5*y - 115 = 4*v + 122, -2*y + 2*v = -o. Calculate the remainder when y is divided by 4.
1
Suppose 11 = -6*p - 19. What is the remainder when (-666)/(-9) + (p - 0) is divided by 9?
6
Let h(p) = -p**2 + 3*p - 13. Let k be h(0). Let a(t) = 3*t**2 + 27*t - 42. Calculate the remainder when a(k) is divided by 23.
22
Let s be -34 - (4 + -10 + 3). Let v = 66 + s. Suppose -39 = 10*q - 15*q - 3*w, -2*q - w + 15 = 0. What is the remainder when v is divided by q?
5
Let a(j) be the third derivative of -j**4/24 + 5*j**3/3 - 59*j**2. Let f = -2 + -4. Calculate the remainder when a(f) is divided by 9.
7
Suppose 4*k - 561 = -13*k. Let z(d) = 128*d + 9. Calculate the remainder when z(3) is divided by k.
30
Suppose 0 = -g + f + 59, -22*g = -19*g - 5*f - 179. Suppose -3*i = 46 - 4. Let v = i - -34.